{"id":468,"date":"2021-10-06T17:40:45","date_gmt":"2021-10-06T15:40:45","guid":{"rendered":"https:\/\/littlemisstomatoes.fr\/?post_type=product&#038;p=468"},"modified":"2024-07-01T11:45:09","modified_gmt":"2024-07-01T09:45:09","slug":"semainier-de-lingettes-a-la-mer","status":"publish","type":"product","link":"https:\/\/littlemisstomatoes.fr\/index.php\/produit\/semainier-de-lingettes-a-la-mer\/","title":{"rendered":"Semainier de lingettes &#8211; A la mer"},"content":{"rendered":"<p>Lot de 7 lingettes lavables compos\u00e9 de tissus diff\u00e9rents, tous assortis pour un plaisir au quotidien !<\/p>\n<p>Deux tailles vous sont propos\u00e9es :<\/p>\n<ul>\n<li>Les Classiques 9*9cm : id\u00e9ales pour se d\u00e9maquiller, pour enlever son vernis ou pour les petites touches, ce format de lingettes est le plus classique que l&rsquo;on retrouve. Une face en tissu imprim\u00e9 et l&rsquo;autre en \u00e9ponge de coton, ces lingettes sauront \u00eatre vos alli\u00e9es pour vos habitudes quotidiennes.<\/li>\n<\/ul>\n<p>Composition : 100% coton<\/p>\n<ul>\n<li>Les Maxis 14*14cm : compos\u00e9es d&rsquo;une face imprim\u00e9e et de l&rsquo;autre en \u00e9ponge de bambou, ces lingettes sont id\u00e9ales pour les peaux les plus sensibles. Elles conviendront aussi bien \u00e0 b\u00e9b\u00e9 pour le change, que pour les adultes qui pr\u00e9f\u00e8rent la douceur du bambou. Le + : leur grande taille permet une meilleure prise en main.<\/li>\n<\/ul>\n<p>Composition : 50% coton, 40% viscose, 10% polyester<\/p>\n<p><em>[Les photos repr\u00e9sentent la taille classique, les maxi<\/em><em> se font tr\u00e8s prochainement prendre en photo pour qui vous puissiez les admirer \ud83d\ude09 ]<\/em><\/p>\n","protected":false},"excerpt":{"rendered":"<p>Lot de lingettes lavables, coloris mer.<\/p>\n","protected":false},"featured_media":0,"comment_status":"open","ping_status":"closed","template":"","meta":[],"product_brand":[],"product_cat":[56,69],"product_tag":[114,115,110,116,111,112,113,117],"class_list":{"0":"post-468","1":"product","2":"type-product","3":"status-publish","5":"product_cat-dans-le-bain","6":"product_cat-lingettes-lavables","7":"product_tag-coton","8":"product_tag-demaquillant","9":"product_tag-lingettes-lavables","10":"product_tag-maquillage","11":"product_tag-mer","12":"product_tag-ocean","13":"product_tag-poisson","14":"product_tag-zero-dechet","15":"product_shipping_class-courrier-suivi","17":"first","18":"instock","19":"shipping-taxable","20":"purchasable","21":"product-type-variable"},"yoast_head":"<!-- This site is optimized with the Yoast SEO plugin v27.4 - https:\/\/yoast.com\/product\/yoast-seo-wordpress\/ -->\n<title>Semainier de lingettes - A la mer - Little Miss Tomatoes<\/title>\n<meta name=\"robots\" content=\"index, follow, max-snippet:-1, max-image-preview:large, max-video-preview:-1\" \/>\n<link rel=\"canonical\" href=\"https:\/\/littlemisstomatoes.fr\/index.php\/produit\/semainier-de-lingettes-a-la-mer\/\" \/>\n<meta property=\"og:locale\" content=\"fr_FR\" \/>\n<meta property=\"og:type\" content=\"article\" \/>\n<meta property=\"og:title\" content=\"Semainier de lingettes - A la mer - Little Miss Tomatoes\" \/>\n<meta property=\"og:description\" content=\"Lot de lingettes lavables, coloris mer.\" \/>\n<meta property=\"og:url\" content=\"https:\/\/littlemisstomatoes.fr\/index.php\/produit\/semainier-de-lingettes-a-la-mer\/\" \/>\n<meta property=\"og:site_name\" content=\"Little Miss Tomatoes\" \/>\n<meta property=\"article:modified_time\" content=\"2024-07-01T09:45:09+00:00\" \/>\n<meta name=\"twitter:card\" content=\"summary_large_image\" \/>\n<meta name=\"twitter:label1\" content=\"Dur\u00e9e de lecture estim\u00e9e\" \/>\n\t<meta name=\"twitter:data1\" content=\"1 minute\" \/>\n<script type=\"application\/ld+json\" class=\"yoast-schema-graph\">{\"@context\":\"https:\\\/\\\/schema.org\",\"@graph\":[{\"@type\":\"WebPage\",\"@id\":\"https:\\\/\\\/littlemisstomatoes.fr\\\/index.php\\\/produit\\\/semainier-de-lingettes-a-la-mer\\\/\",\"url\":\"https:\\\/\\\/littlemisstomatoes.fr\\\/index.php\\\/produit\\\/semainier-de-lingettes-a-la-mer\\\/\",\"name\":\"Semainier de lingettes - A la mer - Little Miss Tomatoes\",\"isPartOf\":{\"@id\":\"https:\\\/\\\/littlemisstomatoes.fr\\\/#website\"},\"datePublished\":\"2021-10-06T15:40:45+00:00\",\"dateModified\":\"2024-07-01T09:45:09+00:00\",\"breadcrumb\":{\"@id\":\"https:\\\/\\\/littlemisstomatoes.fr\\\/index.php\\\/produit\\\/semainier-de-lingettes-a-la-mer\\\/#breadcrumb\"},\"inLanguage\":\"fr-FR\",\"potentialAction\":[{\"@type\":\"ReadAction\",\"target\":[\"https:\\\/\\\/littlemisstomatoes.fr\\\/index.php\\\/produit\\\/semainier-de-lingettes-a-la-mer\\\/\"]}]},{\"@type\":\"BreadcrumbList\",\"@id\":\"https:\\\/\\\/littlemisstomatoes.fr\\\/index.php\\\/produit\\\/semainier-de-lingettes-a-la-mer\\\/#breadcrumb\",\"itemListElement\":[{\"@type\":\"ListItem\",\"position\":1,\"name\":\"Accueil\",\"item\":\"https:\\\/\\\/littlemisstomatoes.fr\\\/\"},{\"@type\":\"ListItem\",\"position\":2,\"name\":\"Boutique\",\"item\":\"https:\\\/\\\/littlemisstomatoes.fr\\\/\"},{\"@type\":\"ListItem\",\"position\":3,\"name\":\"Semainier de lingettes &#8211; A la mer\"}]},{\"@type\":\"WebSite\",\"@id\":\"https:\\\/\\\/littlemisstomatoes.fr\\\/#website\",\"url\":\"https:\\\/\\\/littlemisstomatoes.fr\\\/\",\"name\":\"Little Miss Tomatoes\",\"description\":\"Cadeaux naissance - atelier couture enfant et adulte - Grenoble - Savoir faire fran\u00e7ais\",\"publisher\":{\"@id\":\"https:\\\/\\\/littlemisstomatoes.fr\\\/#organization\"},\"potentialAction\":[{\"@type\":\"SearchAction\",\"target\":{\"@type\":\"EntryPoint\",\"urlTemplate\":\"https:\\\/\\\/littlemisstomatoes.fr\\\/?s={search_term_string}\"},\"query-input\":{\"@type\":\"PropertyValueSpecification\",\"valueRequired\":true,\"valueName\":\"search_term_string\"}}],\"inLanguage\":\"fr-FR\"},{\"@type\":\"Organization\",\"@id\":\"https:\\\/\\\/littlemisstomatoes.fr\\\/#organization\",\"name\":\"Little Miss Tomatoes\",\"url\":\"https:\\\/\\\/littlemisstomatoes.fr\\\/\",\"logo\":{\"@type\":\"ImageObject\",\"inLanguage\":\"fr-FR\",\"@id\":\"https:\\\/\\\/littlemisstomatoes.fr\\\/#\\\/schema\\\/logo\\\/image\\\/\",\"url\":\"https:\\\/\\\/littlemisstomatoes.fr\\\/wp-content\\\/uploads\\\/2021\\\/09\\\/cropped-cropped-elephantblc.jpg\",\"contentUrl\":\"https:\\\/\\\/littlemisstomatoes.fr\\\/wp-content\\\/uploads\\\/2021\\\/09\\\/cropped-cropped-elephantblc.jpg\",\"width\":512,\"height\":512,\"caption\":\"Little Miss Tomatoes\"},\"image\":{\"@id\":\"https:\\\/\\\/littlemisstomatoes.fr\\\/#\\\/schema\\\/logo\\\/image\\\/\"}}]}<\/script>\n<!-- \/ Yoast SEO plugin. -->","yoast_head_json":{"title":"Semainier de lingettes - A la mer - Little Miss Tomatoes","robots":{"index":"index","follow":"follow","max-snippet":"max-snippet:-1","max-image-preview":"max-image-preview:large","max-video-preview":"max-video-preview:-1"},"canonical":"https:\/\/littlemisstomatoes.fr\/index.php\/produit\/semainier-de-lingettes-a-la-mer\/","og_locale":"fr_FR","og_type":"article","og_title":"Semainier de lingettes - A la mer - Little Miss Tomatoes","og_description":"Lot de lingettes lavables, coloris mer.","og_url":"https:\/\/littlemisstomatoes.fr\/index.php\/produit\/semainier-de-lingettes-a-la-mer\/","og_site_name":"Little Miss Tomatoes","article_modified_time":"2024-07-01T09:45:09+00:00","twitter_card":"summary_large_image","twitter_misc":{"Dur\u00e9e de lecture estim\u00e9e":"1 minute"},"schema":{"@context":"https:\/\/schema.org","@graph":[{"@type":"WebPage","@id":"https:\/\/littlemisstomatoes.fr\/index.php\/produit\/semainier-de-lingettes-a-la-mer\/","url":"https:\/\/littlemisstomatoes.fr\/index.php\/produit\/semainier-de-lingettes-a-la-mer\/","name":"Semainier de lingettes - A la mer - Little Miss Tomatoes","isPartOf":{"@id":"https:\/\/littlemisstomatoes.fr\/#website"},"datePublished":"2021-10-06T15:40:45+00:00","dateModified":"2024-07-01T09:45:09+00:00","breadcrumb":{"@id":"https:\/\/littlemisstomatoes.fr\/index.php\/produit\/semainier-de-lingettes-a-la-mer\/#breadcrumb"},"inLanguage":"fr-FR","potentialAction":[{"@type":"ReadAction","target":["https:\/\/littlemisstomatoes.fr\/index.php\/produit\/semainier-de-lingettes-a-la-mer\/"]}]},{"@type":"BreadcrumbList","@id":"https:\/\/littlemisstomatoes.fr\/index.php\/produit\/semainier-de-lingettes-a-la-mer\/#breadcrumb","itemListElement":[{"@type":"ListItem","position":1,"name":"Accueil","item":"https:\/\/littlemisstomatoes.fr\/"},{"@type":"ListItem","position":2,"name":"Boutique","item":"https:\/\/littlemisstomatoes.fr\/"},{"@type":"ListItem","position":3,"name":"Semainier de lingettes &#8211; A la mer"}]},{"@type":"WebSite","@id":"https:\/\/littlemisstomatoes.fr\/#website","url":"https:\/\/littlemisstomatoes.fr\/","name":"Little Miss Tomatoes","description":"Cadeaux naissance - atelier couture enfant et adulte - Grenoble - Savoir faire fran\u00e7ais","publisher":{"@id":"https:\/\/littlemisstomatoes.fr\/#organization"},"potentialAction":[{"@type":"SearchAction","target":{"@type":"EntryPoint","urlTemplate":"https:\/\/littlemisstomatoes.fr\/?s={search_term_string}"},"query-input":{"@type":"PropertyValueSpecification","valueRequired":true,"valueName":"search_term_string"}}],"inLanguage":"fr-FR"},{"@type":"Organization","@id":"https:\/\/littlemisstomatoes.fr\/#organization","name":"Little Miss Tomatoes","url":"https:\/\/littlemisstomatoes.fr\/","logo":{"@type":"ImageObject","inLanguage":"fr-FR","@id":"https:\/\/littlemisstomatoes.fr\/#\/schema\/logo\/image\/","url":"https:\/\/littlemisstomatoes.fr\/wp-content\/uploads\/2021\/09\/cropped-cropped-elephantblc.jpg","contentUrl":"https:\/\/littlemisstomatoes.fr\/wp-content\/uploads\/2021\/09\/cropped-cropped-elephantblc.jpg","width":512,"height":512,"caption":"Little Miss Tomatoes"},"image":{"@id":"https:\/\/littlemisstomatoes.fr\/#\/schema\/logo\/image\/"}}]}},"jetpack-related-posts":[],"jetpack_sharing_enabled":true,"_links":{"self":[{"href":"https:\/\/littlemisstomatoes.fr\/index.php\/wp-json\/wp\/v2\/product\/468","targetHints":{"allow":["GET"]}}],"collection":[{"href":"https:\/\/littlemisstomatoes.fr\/index.php\/wp-json\/wp\/v2\/product"}],"about":[{"href":"https:\/\/littlemisstomatoes.fr\/index.php\/wp-json\/wp\/v2\/types\/product"}],"replies":[{"embeddable":true,"href":"https:\/\/littlemisstomatoes.fr\/index.php\/wp-json\/wp\/v2\/comments?post=468"}],"wp:attachment":[{"href":"https:\/\/littlemisstomatoes.fr\/index.php\/wp-json\/wp\/v2\/media?parent=468"}],"wp:term":[{"taxonomy":"product_brand","embeddable":true,"href":"https:\/\/littlemisstomatoes.fr\/index.php\/wp-json\/wp\/v2\/product_brand?post=468"},{"taxonomy":"product_cat","embeddable":true,"href":"https:\/\/littlemisstomatoes.fr\/index.php\/wp-json\/wp\/v2\/product_cat?post=468"},{"taxonomy":"product_tag","embeddable":true,"href":"https:\/\/littlemisstomatoes.fr\/index.php\/wp-json\/wp\/v2\/product_tag?post=468"}],"curies":[{"name":"wp","href":"https:\/\/api.w.org\/{rel}","templated":true}]}}