{"id":4083,"date":"2025-08-02T11:11:49","date_gmt":"2025-08-02T09:11:49","guid":{"rendered":"https:\/\/littlemisstomatoes.fr\/?post_type=product&#038;p=4083"},"modified":"2025-08-02T11:22:37","modified_gmt":"2025-08-02T09:22:37","slug":"pochette-maillot-de-bain-eventail-bleu","status":"publish","type":"product","link":"https:\/\/littlemisstomatoes.fr\/index.php\/produit\/pochette-maillot-de-bain-eventail-bleu\/","title":{"rendered":"Pochette maillot de bain  &#8211;  \u00c9ventail bleu"},"content":{"rendered":"<p>Pochette maillot de bain<\/p>\n<p>Parfait pour glisser votre maillot dans votre sac et partir \u00e0 la piscine ou au lac sans mouiller vos affaires !<\/p>\n<p>&nbsp;<\/p>\n<p>Deux types de formats sont disponibles :<\/p>\n<ul>\n<li>A pression : Gr\u00e2ce \u00e0 ses deux pressions le rabat tient et ne bouge pas.<\/li>\n<li>A coulisse : facile pour glisser le maillot \u00e0 l&rsquo;int\u00e9rieur<\/li>\n<\/ul>\n<p>Plusieurs motifs sont disponibles <a href=\"https:\/\/littlemisstomatoes.fr\/index.php\/categorie-produit\/lete-en-folie-duo-pochettes\/\">sur cette page<\/a> :<\/p>\n<p>Fleuris fond blanc\u00a0 \/ V\u00e9g\u00e9tal bleu<\/p>\n<p>&nbsp;<\/p>\n<p>\u00c9quipez-vous pour l&rsquo;\u00e9t\u00e9 : Les combos avec les pochettes \u00e0 savons assorties sont possibles !<\/p>\n<p>&nbsp;<\/p>\n","protected":false},"excerpt":{"rendered":"<p>Pochette maillot de bain Parfait pour glisser votre maillot dans votre sac et partir \u00e0 la piscine ou au lac sans mouiller vos affaires ! &nbsp; Deux types de formats sont disponibles : A pression : Gr\u00e2ce \u00e0 ses deux pressions le rabat tient et ne bouge pas. A coulisse : facile pour glisser le &hellip; <\/p>\n","protected":false},"featured_media":4070,"comment_status":"open","ping_status":"closed","template":"","meta":[],"product_brand":[],"product_cat":[223,254,72,153],"product_tag":[],"class_list":{"0":"post-4083","1":"product","2":"type-product","3":"status-publish","4":"has-post-thumbnail","6":"product_cat-en-stock","7":"product_cat-lete-en-folie-duo-pochettes","8":"product_cat-pochette-a-savon","9":"product_cat-promo","10":"product_shipping_class-colissimo-5e","12":"first","13":"instock","14":"sale","15":"shipping-taxable","16":"purchasable","17":"product-type-variable"},"yoast_head":"<!-- This site is optimized with the Yoast SEO plugin v27.4 - https:\/\/yoast.com\/product\/yoast-seo-wordpress\/ -->\n<title>Pochette maillot de bain - \u00c9ventail bleu - Little Miss Tomatoes<\/title>\n<meta name=\"robots\" content=\"index, follow, max-snippet:-1, max-image-preview:large, max-video-preview:-1\" \/>\n<link rel=\"canonical\" href=\"https:\/\/littlemisstomatoes.fr\/index.php\/produit\/pochette-maillot-de-bain-eventail-bleu\/\" \/>\n<meta property=\"og:locale\" content=\"fr_FR\" \/>\n<meta property=\"og:type\" content=\"article\" \/>\n<meta property=\"og:title\" content=\"Pochette maillot de bain - \u00c9ventail bleu - Little Miss Tomatoes\" \/>\n<meta property=\"og:description\" content=\"Pochette maillot de bain Parfait pour glisser votre maillot dans votre sac et partir \u00e0 la piscine ou au lac sans mouiller vos affaires ! &nbsp; Deux types de formats sont disponibles : A pression : Gr\u00e2ce \u00e0 ses deux pressions le rabat tient et ne bouge pas. A coulisse : facile pour glisser le &hellip;\" \/>\n<meta property=\"og:url\" content=\"https:\/\/littlemisstomatoes.fr\/index.php\/produit\/pochette-maillot-de-bain-eventail-bleu\/\" \/>\n<meta property=\"og:site_name\" content=\"Little Miss Tomatoes\" \/>\n<meta property=\"article:modified_time\" content=\"2025-08-02T09:22:37+00:00\" \/>\n<meta property=\"og:image\" content=\"https:\/\/littlemisstomatoes.fr\/wp-content\/uploads\/2025\/07\/IMG_20250731_153849-scaled.webp\" \/>\n\t<meta property=\"og:image:width\" content=\"1920\" \/>\n\t<meta property=\"og:image:height\" content=\"2560\" \/>\n\t<meta property=\"og:image:type\" content=\"image\/webp\" \/>\n<meta name=\"twitter:card\" content=\"summary_large_image\" \/>\n<meta name=\"twitter:label1\" content=\"Dur\u00e9e de lecture estim\u00e9e\" \/>\n\t<meta name=\"twitter:data1\" content=\"1 minute\" \/>\n<script type=\"application\/ld+json\" class=\"yoast-schema-graph\">{\"@context\":\"https:\\\/\\\/schema.org\",\"@graph\":[{\"@type\":\"WebPage\",\"@id\":\"https:\\\/\\\/littlemisstomatoes.fr\\\/index.php\\\/produit\\\/pochette-maillot-de-bain-eventail-bleu\\\/\",\"url\":\"https:\\\/\\\/littlemisstomatoes.fr\\\/index.php\\\/produit\\\/pochette-maillot-de-bain-eventail-bleu\\\/\",\"name\":\"Pochette maillot de bain - \u00c9ventail bleu - Little Miss Tomatoes\",\"isPartOf\":{\"@id\":\"https:\\\/\\\/littlemisstomatoes.fr\\\/#website\"},\"primaryImageOfPage\":{\"@id\":\"https:\\\/\\\/littlemisstomatoes.fr\\\/index.php\\\/produit\\\/pochette-maillot-de-bain-eventail-bleu\\\/#primaryimage\"},\"image\":{\"@id\":\"https:\\\/\\\/littlemisstomatoes.fr\\\/index.php\\\/produit\\\/pochette-maillot-de-bain-eventail-bleu\\\/#primaryimage\"},\"thumbnailUrl\":\"https:\\\/\\\/littlemisstomatoes.fr\\\/wp-content\\\/uploads\\\/2025\\\/07\\\/IMG_20250731_153849-scaled.webp\",\"datePublished\":\"2025-08-02T09:11:49+00:00\",\"dateModified\":\"2025-08-02T09:22:37+00:00\",\"breadcrumb\":{\"@id\":\"https:\\\/\\\/littlemisstomatoes.fr\\\/index.php\\\/produit\\\/pochette-maillot-de-bain-eventail-bleu\\\/#breadcrumb\"},\"inLanguage\":\"fr-FR\",\"potentialAction\":[{\"@type\":\"ReadAction\",\"target\":[\"https:\\\/\\\/littlemisstomatoes.fr\\\/index.php\\\/produit\\\/pochette-maillot-de-bain-eventail-bleu\\\/\"]}]},{\"@type\":\"ImageObject\",\"inLanguage\":\"fr-FR\",\"@id\":\"https:\\\/\\\/littlemisstomatoes.fr\\\/index.php\\\/produit\\\/pochette-maillot-de-bain-eventail-bleu\\\/#primaryimage\",\"url\":\"https:\\\/\\\/littlemisstomatoes.fr\\\/wp-content\\\/uploads\\\/2025\\\/07\\\/IMG_20250731_153849-scaled.webp\",\"contentUrl\":\"https:\\\/\\\/littlemisstomatoes.fr\\\/wp-content\\\/uploads\\\/2025\\\/07\\\/IMG_20250731_153849-scaled.webp\",\"width\":1920,\"height\":2560},{\"@type\":\"BreadcrumbList\",\"@id\":\"https:\\\/\\\/littlemisstomatoes.fr\\\/index.php\\\/produit\\\/pochette-maillot-de-bain-eventail-bleu\\\/#breadcrumb\",\"itemListElement\":[{\"@type\":\"ListItem\",\"position\":1,\"name\":\"Accueil\",\"item\":\"https:\\\/\\\/littlemisstomatoes.fr\\\/\"},{\"@type\":\"ListItem\",\"position\":2,\"name\":\"Boutique\",\"item\":\"https:\\\/\\\/littlemisstomatoes.fr\\\/\"},{\"@type\":\"ListItem\",\"position\":3,\"name\":\"Pochette maillot de bain &#8211; \u00c9ventail bleu\"}]},{\"@type\":\"WebSite\",\"@id\":\"https:\\\/\\\/littlemisstomatoes.fr\\\/#website\",\"url\":\"https:\\\/\\\/littlemisstomatoes.fr\\\/\",\"name\":\"Little Miss Tomatoes\",\"description\":\"Cadeaux naissance - atelier couture enfant et adulte - Grenoble - Savoir faire fran\u00e7ais\",\"publisher\":{\"@id\":\"https:\\\/\\\/littlemisstomatoes.fr\\\/#organization\"},\"potentialAction\":[{\"@type\":\"SearchAction\",\"target\":{\"@type\":\"EntryPoint\",\"urlTemplate\":\"https:\\\/\\\/littlemisstomatoes.fr\\\/?s={search_term_string}\"},\"query-input\":{\"@type\":\"PropertyValueSpecification\",\"valueRequired\":true,\"valueName\":\"search_term_string\"}}],\"inLanguage\":\"fr-FR\"},{\"@type\":\"Organization\",\"@id\":\"https:\\\/\\\/littlemisstomatoes.fr\\\/#organization\",\"name\":\"Little Miss Tomatoes\",\"url\":\"https:\\\/\\\/littlemisstomatoes.fr\\\/\",\"logo\":{\"@type\":\"ImageObject\",\"inLanguage\":\"fr-FR\",\"@id\":\"https:\\\/\\\/littlemisstomatoes.fr\\\/#\\\/schema\\\/logo\\\/image\\\/\",\"url\":\"https:\\\/\\\/littlemisstomatoes.fr\\\/wp-content\\\/uploads\\\/2021\\\/09\\\/cropped-cropped-elephantblc.jpg\",\"contentUrl\":\"https:\\\/\\\/littlemisstomatoes.fr\\\/wp-content\\\/uploads\\\/2021\\\/09\\\/cropped-cropped-elephantblc.jpg\",\"width\":512,\"height\":512,\"caption\":\"Little Miss Tomatoes\"},\"image\":{\"@id\":\"https:\\\/\\\/littlemisstomatoes.fr\\\/#\\\/schema\\\/logo\\\/image\\\/\"}}]}<\/script>\n<!-- \/ Yoast SEO plugin. -->","yoast_head_json":{"title":"Pochette maillot de bain - \u00c9ventail bleu - Little Miss Tomatoes","robots":{"index":"index","follow":"follow","max-snippet":"max-snippet:-1","max-image-preview":"max-image-preview:large","max-video-preview":"max-video-preview:-1"},"canonical":"https:\/\/littlemisstomatoes.fr\/index.php\/produit\/pochette-maillot-de-bain-eventail-bleu\/","og_locale":"fr_FR","og_type":"article","og_title":"Pochette maillot de bain - \u00c9ventail bleu - Little Miss Tomatoes","og_description":"Pochette maillot de bain Parfait pour glisser votre maillot dans votre sac et partir \u00e0 la piscine ou au lac sans mouiller vos affaires ! &nbsp; Deux types de formats sont disponibles : A pression : Gr\u00e2ce \u00e0 ses deux pressions le rabat tient et ne bouge pas. A coulisse : facile pour glisser le &hellip;","og_url":"https:\/\/littlemisstomatoes.fr\/index.php\/produit\/pochette-maillot-de-bain-eventail-bleu\/","og_site_name":"Little Miss Tomatoes","article_modified_time":"2025-08-02T09:22:37+00:00","og_image":[{"width":1920,"height":2560,"url":"https:\/\/littlemisstomatoes.fr\/wp-content\/uploads\/2025\/07\/IMG_20250731_153849-scaled.webp","type":"image\/webp"}],"twitter_card":"summary_large_image","twitter_misc":{"Dur\u00e9e de lecture estim\u00e9e":"1 minute"},"schema":{"@context":"https:\/\/schema.org","@graph":[{"@type":"WebPage","@id":"https:\/\/littlemisstomatoes.fr\/index.php\/produit\/pochette-maillot-de-bain-eventail-bleu\/","url":"https:\/\/littlemisstomatoes.fr\/index.php\/produit\/pochette-maillot-de-bain-eventail-bleu\/","name":"Pochette maillot de bain - \u00c9ventail bleu - Little Miss Tomatoes","isPartOf":{"@id":"https:\/\/littlemisstomatoes.fr\/#website"},"primaryImageOfPage":{"@id":"https:\/\/littlemisstomatoes.fr\/index.php\/produit\/pochette-maillot-de-bain-eventail-bleu\/#primaryimage"},"image":{"@id":"https:\/\/littlemisstomatoes.fr\/index.php\/produit\/pochette-maillot-de-bain-eventail-bleu\/#primaryimage"},"thumbnailUrl":"https:\/\/littlemisstomatoes.fr\/wp-content\/uploads\/2025\/07\/IMG_20250731_153849-scaled.webp","datePublished":"2025-08-02T09:11:49+00:00","dateModified":"2025-08-02T09:22:37+00:00","breadcrumb":{"@id":"https:\/\/littlemisstomatoes.fr\/index.php\/produit\/pochette-maillot-de-bain-eventail-bleu\/#breadcrumb"},"inLanguage":"fr-FR","potentialAction":[{"@type":"ReadAction","target":["https:\/\/littlemisstomatoes.fr\/index.php\/produit\/pochette-maillot-de-bain-eventail-bleu\/"]}]},{"@type":"ImageObject","inLanguage":"fr-FR","@id":"https:\/\/littlemisstomatoes.fr\/index.php\/produit\/pochette-maillot-de-bain-eventail-bleu\/#primaryimage","url":"https:\/\/littlemisstomatoes.fr\/wp-content\/uploads\/2025\/07\/IMG_20250731_153849-scaled.webp","contentUrl":"https:\/\/littlemisstomatoes.fr\/wp-content\/uploads\/2025\/07\/IMG_20250731_153849-scaled.webp","width":1920,"height":2560},{"@type":"BreadcrumbList","@id":"https:\/\/littlemisstomatoes.fr\/index.php\/produit\/pochette-maillot-de-bain-eventail-bleu\/#breadcrumb","itemListElement":[{"@type":"ListItem","position":1,"name":"Accueil","item":"https:\/\/littlemisstomatoes.fr\/"},{"@type":"ListItem","position":2,"name":"Boutique","item":"https:\/\/littlemisstomatoes.fr\/"},{"@type":"ListItem","position":3,"name":"Pochette maillot de bain &#8211; \u00c9ventail bleu"}]},{"@type":"WebSite","@id":"https:\/\/littlemisstomatoes.fr\/#website","url":"https:\/\/littlemisstomatoes.fr\/","name":"Little Miss Tomatoes","description":"Cadeaux naissance - atelier couture enfant et adulte - Grenoble - Savoir faire fran\u00e7ais","publisher":{"@id":"https:\/\/littlemisstomatoes.fr\/#organization"},"potentialAction":[{"@type":"SearchAction","target":{"@type":"EntryPoint","urlTemplate":"https:\/\/littlemisstomatoes.fr\/?s={search_term_string}"},"query-input":{"@type":"PropertyValueSpecification","valueRequired":true,"valueName":"search_term_string"}}],"inLanguage":"fr-FR"},{"@type":"Organization","@id":"https:\/\/littlemisstomatoes.fr\/#organization","name":"Little Miss Tomatoes","url":"https:\/\/littlemisstomatoes.fr\/","logo":{"@type":"ImageObject","inLanguage":"fr-FR","@id":"https:\/\/littlemisstomatoes.fr\/#\/schema\/logo\/image\/","url":"https:\/\/littlemisstomatoes.fr\/wp-content\/uploads\/2021\/09\/cropped-cropped-elephantblc.jpg","contentUrl":"https:\/\/littlemisstomatoes.fr\/wp-content\/uploads\/2021\/09\/cropped-cropped-elephantblc.jpg","width":512,"height":512,"caption":"Little Miss Tomatoes"},"image":{"@id":"https:\/\/littlemisstomatoes.fr\/#\/schema\/logo\/image\/"}}]}},"jetpack-related-posts":[],"jetpack_sharing_enabled":true,"_links":{"self":[{"href":"https:\/\/littlemisstomatoes.fr\/index.php\/wp-json\/wp\/v2\/product\/4083","targetHints":{"allow":["GET"]}}],"collection":[{"href":"https:\/\/littlemisstomatoes.fr\/index.php\/wp-json\/wp\/v2\/product"}],"about":[{"href":"https:\/\/littlemisstomatoes.fr\/index.php\/wp-json\/wp\/v2\/types\/product"}],"replies":[{"embeddable":true,"href":"https:\/\/littlemisstomatoes.fr\/index.php\/wp-json\/wp\/v2\/comments?post=4083"}],"wp:featuredmedia":[{"embeddable":true,"href":"https:\/\/littlemisstomatoes.fr\/index.php\/wp-json\/wp\/v2\/media\/4070"}],"wp:attachment":[{"href":"https:\/\/littlemisstomatoes.fr\/index.php\/wp-json\/wp\/v2\/media?parent=4083"}],"wp:term":[{"taxonomy":"product_brand","embeddable":true,"href":"https:\/\/littlemisstomatoes.fr\/index.php\/wp-json\/wp\/v2\/product_brand?post=4083"},{"taxonomy":"product_cat","embeddable":true,"href":"https:\/\/littlemisstomatoes.fr\/index.php\/wp-json\/wp\/v2\/product_cat?post=4083"},{"taxonomy":"product_tag","embeddable":true,"href":"https:\/\/littlemisstomatoes.fr\/index.php\/wp-json\/wp\/v2\/product_tag?post=4083"}],"curies":[{"name":"wp","href":"https:\/\/api.w.org\/{rel}","templated":true}]}}