{"id":3868,"date":"2025-07-15T17:37:27","date_gmt":"2025-07-15T15:37:27","guid":{"rendered":"https:\/\/littlemisstomatoes.fr\/?post_type=product&#038;p=3868"},"modified":"2025-07-15T17:49:33","modified_gmt":"2025-07-15T15:49:33","slug":"poncho-de-bain-enfant-3-a-6-ans-motif-jungle","status":"publish","type":"product","link":"https:\/\/littlemisstomatoes.fr\/index.php\/produit\/poncho-de-bain-enfant-3-a-6-ans-motif-jungle\/","title":{"rendered":"Poncho de bain enfant 3 \u00e0 6 ans &#8211; motif jungle"},"content":{"rendered":"<h1 data-start=\"0\" data-end=\"49\"><strong data-start=\"0\" data-end=\"49\">Poncho de bain enfant \u2013 Le confort apr\u00e8s la baignade<\/strong><\/h1>\n<p data-start=\"51\" data-end=\"325\">D\u00e9couvrez le poncho de bain pour enfant, l\u2019accessoire indispensable pour vos sorties \u00e0 la plage, \u00e0 la piscine ou tout simplement pour un moment de d\u00e9tente \u00e0 la maison. Con\u00e7u pour allier praticit\u00e9, confort et style, ce poncho deviendra rapidement un incontournable du quotidien de votre enfant.<\/p>\n<p data-start=\"327\" data-end=\"708\">Fabriqu\u00e9 en <strong>\u00e9ponge de bambou <\/strong><strong data-start=\"339\" data-end=\"366\">douce et absorbante<\/strong>, il enveloppe imm\u00e9diatement de chaleur et de confort votre petit bout d\u00e8s la sortie de l\u2019eau. Gr\u00e2ce \u00e0 sa <strong data-start=\"460\" data-end=\"495\">mati\u00e8re \u00e9ponge ultra-absorbante<\/strong>, il s\u00e8che efficacement la peau tout en tenant bien au chaud. Fini les frissons apr\u00e8s le bain ou la baignade ! Sa texture agr\u00e9able au toucher le rend id\u00e9al aussi bien pour les adultes que pour les enfants.<\/p>\n<p data-start=\"710\" data-end=\"1050\">Avec sa <strong data-start=\"718\" data-end=\"760\">coupe ample et son design sans manches<\/strong>, le poncho de bain offre une grande libert\u00e9 de mouvement. Il s\u2019enfile facilement par la t\u00eate gr\u00e2ce \u00e0 sa large ouverture et reste bien en place, m\u00eame lorsque vous bougez. Deux pressions de part et d&rsquo;autres permettent de maintenir les manches si vous le souhaitez. Sa <strong data-start=\"934\" data-end=\"954\">capuche int\u00e9gr\u00e9e<\/strong> permet \u00e9galement de s\u00e9cher les cheveux rapidement tout en se prot\u00e9geant du vent et du soleil.<\/p>\n<p data-start=\"1052\" data-end=\"1354\">Pratique, il remplace parfaitement une serviette classique. Il est \u00e9galement <strong data-start=\"1252\" data-end=\"1272\">compact et l\u00e9ger<\/strong>, ce qui le rend facile \u00e0 plier et \u00e0 transporter dans un sac de plage ou de sport.<\/p>\n<p data-start=\"1356\" data-end=\"1571\">Disponible en plusieurs tailles et coloris tendance, ce poncho de bain convient aux enfants de 3 \u00e0 6 ans. Retrouvez les autres mod\u00e8les sur cette page.<\/p>\n<h3 data-start=\"1696\" data-end=\"1845\">Personnalisation de votre poncho de bain enfant :<\/h3>\n<p data-start=\"1696\" data-end=\"1845\" data-is-last-node=\"\" data-is-only-node=\"\">Faites broder le pr\u00e9nom de votre enfant sur l\u2019\u00e9ponge pour encore plus d&rsquo;originalit\u00e9 !<\/p>\n<h3 data-start=\"1573\" data-end=\"1694\"><strong data-start=\"1573\" data-end=\"1593\">Entretien facile<\/strong> :<\/h3>\n<p data-start=\"1573\" data-end=\"1694\">Lavable en machine \u00e0 40\u00b0C, il conserve sa douceur et sa capacit\u00e9 d\u2019absorption lavage apr\u00e8s lavage. Adoptez d\u00e8s maintenant le poncho de bain et transformez chaque sortie de l\u2019eau en un moment de plaisir et de confort. La peau de votre enfant vous dira merci\u202f!<\/p>\n<h3 data-start=\"1696\" data-end=\"1845\">Livraison<\/h3>\n<p data-start=\"1696\" data-end=\"1845\" data-is-last-node=\"\" data-is-only-node=\"\">Envoi sous enveloppe ind\u00e9chirable, en boite aux lettres ou en point relais.<\/p>\n<p data-start=\"1696\" data-end=\"1845\" data-is-last-node=\"\" data-is-only-node=\"\">Suivez l&rsquo;actualit\u00e9 sur les r\u00e9seaux sociaux gr\u00e2ce \u00e0 notre<a href=\"https:\/\/www.instagram.com\/little.misstomatoes\/\"> page Instagram<\/a>.<\/p>\n<p data-start=\"1696\" data-end=\"1845\" data-is-last-node=\"\" data-is-only-node=\"\">\n","protected":false},"excerpt":{"rendered":"<p>Poncho de bain enfant \u2013 Le confort apr\u00e8s la baignade D\u00e9couvrez le poncho de bain pour enfant, l\u2019accessoire indispensable pour vos sorties \u00e0 la plage, \u00e0 la piscine ou tout simplement pour un moment de d\u00e9tente \u00e0 la maison. Con\u00e7u pour allier praticit\u00e9, confort et style, ce poncho deviendra rapidement un incontournable du quotidien de &hellip; <\/p>\n","protected":false},"featured_media":3869,"comment_status":"open","ping_status":"closed","template":"","meta":[],"product_brand":[],"product_cat":[56,338],"product_tag":[111,336,334,337,335],"class_list":{"0":"post-3868","1":"product","2":"type-product","3":"status-publish","4":"has-post-thumbnail","6":"product_cat-dans-le-bain","7":"product_cat-poncho-de-bain","8":"product_tag-mer","9":"product_tag-piscine","10":"product_tag-poncho-bain","11":"product_tag-serviette","12":"product_tag-serviette-plage","13":"product_shipping_class-colis-1kg","15":"first","16":"instock","17":"shipping-taxable","18":"purchasable","19":"product-type-simple"},"yoast_head":"<!-- This site is optimized with the Yoast SEO plugin v27.4 - https:\/\/yoast.com\/product\/yoast-seo-wordpress\/ -->\n<title>Poncho de bain enfant 3 \u00e0 6 ans - motif jungle - Little Miss Tomatoes<\/title>\n<meta name=\"description\" content=\"Poncho de bain pour enfant de 3 \u00e0 6 ans. \u00c9ponge ultra absorbante, parfaite pour les sorties mer ou piscine.\" \/>\n<meta name=\"robots\" content=\"index, follow, max-snippet:-1, max-image-preview:large, max-video-preview:-1\" \/>\n<link rel=\"canonical\" href=\"https:\/\/littlemisstomatoes.fr\/index.php\/produit\/poncho-de-bain-enfant-3-a-6-ans-motif-jungle\/\" \/>\n<meta property=\"og:locale\" content=\"fr_FR\" \/>\n<meta property=\"og:type\" content=\"article\" \/>\n<meta property=\"og:title\" content=\"Poncho de bain enfant 3 \u00e0 6 ans - motif jungle - Little Miss Tomatoes\" \/>\n<meta property=\"og:description\" content=\"Poncho de bain pour enfant de 3 \u00e0 6 ans. \u00c9ponge ultra absorbante, parfaite pour les sorties mer ou piscine.\" \/>\n<meta property=\"og:url\" content=\"https:\/\/littlemisstomatoes.fr\/index.php\/produit\/poncho-de-bain-enfant-3-a-6-ans-motif-jungle\/\" \/>\n<meta property=\"og:site_name\" content=\"Little Miss Tomatoes\" \/>\n<meta property=\"article:modified_time\" content=\"2025-07-15T15:49:33+00:00\" \/>\n<meta property=\"og:image\" content=\"https:\/\/littlemisstomatoes.fr\/wp-content\/uploads\/2025\/07\/IMG_20250715_134454-scaled.webp\" \/>\n\t<meta property=\"og:image:width\" content=\"1920\" \/>\n\t<meta property=\"og:image:height\" content=\"2560\" \/>\n\t<meta property=\"og:image:type\" content=\"image\/webp\" \/>\n<meta name=\"twitter:card\" content=\"summary_large_image\" \/>\n<meta name=\"twitter:label1\" content=\"Dur\u00e9e de lecture estim\u00e9e\" \/>\n\t<meta name=\"twitter:data1\" content=\"2 minutes\" \/>\n<script type=\"application\/ld+json\" class=\"yoast-schema-graph\">{\"@context\":\"https:\\\/\\\/schema.org\",\"@graph\":[{\"@type\":\"WebPage\",\"@id\":\"https:\\\/\\\/littlemisstomatoes.fr\\\/index.php\\\/produit\\\/poncho-de-bain-enfant-3-a-6-ans-motif-jungle\\\/\",\"url\":\"https:\\\/\\\/littlemisstomatoes.fr\\\/index.php\\\/produit\\\/poncho-de-bain-enfant-3-a-6-ans-motif-jungle\\\/\",\"name\":\"Poncho de bain enfant 3 \u00e0 6 ans - motif jungle - Little Miss Tomatoes\",\"isPartOf\":{\"@id\":\"https:\\\/\\\/littlemisstomatoes.fr\\\/#website\"},\"primaryImageOfPage\":{\"@id\":\"https:\\\/\\\/littlemisstomatoes.fr\\\/index.php\\\/produit\\\/poncho-de-bain-enfant-3-a-6-ans-motif-jungle\\\/#primaryimage\"},\"image\":{\"@id\":\"https:\\\/\\\/littlemisstomatoes.fr\\\/index.php\\\/produit\\\/poncho-de-bain-enfant-3-a-6-ans-motif-jungle\\\/#primaryimage\"},\"thumbnailUrl\":\"https:\\\/\\\/littlemisstomatoes.fr\\\/wp-content\\\/uploads\\\/2025\\\/07\\\/IMG_20250715_134454-scaled.webp\",\"datePublished\":\"2025-07-15T15:37:27+00:00\",\"dateModified\":\"2025-07-15T15:49:33+00:00\",\"description\":\"Poncho de bain pour enfant de 3 \u00e0 6 ans. \u00c9ponge ultra absorbante, parfaite pour les sorties mer ou piscine.\",\"breadcrumb\":{\"@id\":\"https:\\\/\\\/littlemisstomatoes.fr\\\/index.php\\\/produit\\\/poncho-de-bain-enfant-3-a-6-ans-motif-jungle\\\/#breadcrumb\"},\"inLanguage\":\"fr-FR\",\"potentialAction\":[{\"@type\":\"ReadAction\",\"target\":[\"https:\\\/\\\/littlemisstomatoes.fr\\\/index.php\\\/produit\\\/poncho-de-bain-enfant-3-a-6-ans-motif-jungle\\\/\"]}]},{\"@type\":\"ImageObject\",\"inLanguage\":\"fr-FR\",\"@id\":\"https:\\\/\\\/littlemisstomatoes.fr\\\/index.php\\\/produit\\\/poncho-de-bain-enfant-3-a-6-ans-motif-jungle\\\/#primaryimage\",\"url\":\"https:\\\/\\\/littlemisstomatoes.fr\\\/wp-content\\\/uploads\\\/2025\\\/07\\\/IMG_20250715_134454-scaled.webp\",\"contentUrl\":\"https:\\\/\\\/littlemisstomatoes.fr\\\/wp-content\\\/uploads\\\/2025\\\/07\\\/IMG_20250715_134454-scaled.webp\",\"width\":1920,\"height\":2560,\"caption\":\"poncho de bain enfant 3 \u00e0 6 ans motif jungle\"},{\"@type\":\"BreadcrumbList\",\"@id\":\"https:\\\/\\\/littlemisstomatoes.fr\\\/index.php\\\/produit\\\/poncho-de-bain-enfant-3-a-6-ans-motif-jungle\\\/#breadcrumb\",\"itemListElement\":[{\"@type\":\"ListItem\",\"position\":1,\"name\":\"Accueil\",\"item\":\"https:\\\/\\\/littlemisstomatoes.fr\\\/\"},{\"@type\":\"ListItem\",\"position\":2,\"name\":\"Boutique\",\"item\":\"https:\\\/\\\/littlemisstomatoes.fr\\\/\"},{\"@type\":\"ListItem\",\"position\":3,\"name\":\"Poncho de bain enfant 3 \u00e0 6 ans &#8211; motif jungle\"}]},{\"@type\":\"WebSite\",\"@id\":\"https:\\\/\\\/littlemisstomatoes.fr\\\/#website\",\"url\":\"https:\\\/\\\/littlemisstomatoes.fr\\\/\",\"name\":\"Little Miss Tomatoes\",\"description\":\"Cadeaux naissance - atelier couture enfant et adulte - Grenoble - Savoir faire fran\u00e7ais\",\"publisher\":{\"@id\":\"https:\\\/\\\/littlemisstomatoes.fr\\\/#organization\"},\"potentialAction\":[{\"@type\":\"SearchAction\",\"target\":{\"@type\":\"EntryPoint\",\"urlTemplate\":\"https:\\\/\\\/littlemisstomatoes.fr\\\/?s={search_term_string}\"},\"query-input\":{\"@type\":\"PropertyValueSpecification\",\"valueRequired\":true,\"valueName\":\"search_term_string\"}}],\"inLanguage\":\"fr-FR\"},{\"@type\":\"Organization\",\"@id\":\"https:\\\/\\\/littlemisstomatoes.fr\\\/#organization\",\"name\":\"Little Miss Tomatoes\",\"url\":\"https:\\\/\\\/littlemisstomatoes.fr\\\/\",\"logo\":{\"@type\":\"ImageObject\",\"inLanguage\":\"fr-FR\",\"@id\":\"https:\\\/\\\/littlemisstomatoes.fr\\\/#\\\/schema\\\/logo\\\/image\\\/\",\"url\":\"https:\\\/\\\/littlemisstomatoes.fr\\\/wp-content\\\/uploads\\\/2021\\\/09\\\/cropped-cropped-elephantblc.jpg\",\"contentUrl\":\"https:\\\/\\\/littlemisstomatoes.fr\\\/wp-content\\\/uploads\\\/2021\\\/09\\\/cropped-cropped-elephantblc.jpg\",\"width\":512,\"height\":512,\"caption\":\"Little Miss Tomatoes\"},\"image\":{\"@id\":\"https:\\\/\\\/littlemisstomatoes.fr\\\/#\\\/schema\\\/logo\\\/image\\\/\"}}]}<\/script>\n<!-- \/ Yoast SEO plugin. -->","yoast_head_json":{"title":"Poncho de bain enfant 3 \u00e0 6 ans - motif jungle - Little Miss Tomatoes","description":"Poncho de bain pour enfant de 3 \u00e0 6 ans. \u00c9ponge ultra absorbante, parfaite pour les sorties mer ou piscine.","robots":{"index":"index","follow":"follow","max-snippet":"max-snippet:-1","max-image-preview":"max-image-preview:large","max-video-preview":"max-video-preview:-1"},"canonical":"https:\/\/littlemisstomatoes.fr\/index.php\/produit\/poncho-de-bain-enfant-3-a-6-ans-motif-jungle\/","og_locale":"fr_FR","og_type":"article","og_title":"Poncho de bain enfant 3 \u00e0 6 ans - motif jungle - Little Miss Tomatoes","og_description":"Poncho de bain pour enfant de 3 \u00e0 6 ans. \u00c9ponge ultra absorbante, parfaite pour les sorties mer ou piscine.","og_url":"https:\/\/littlemisstomatoes.fr\/index.php\/produit\/poncho-de-bain-enfant-3-a-6-ans-motif-jungle\/","og_site_name":"Little Miss Tomatoes","article_modified_time":"2025-07-15T15:49:33+00:00","og_image":[{"width":1920,"height":2560,"url":"https:\/\/littlemisstomatoes.fr\/wp-content\/uploads\/2025\/07\/IMG_20250715_134454-scaled.webp","type":"image\/webp"}],"twitter_card":"summary_large_image","twitter_misc":{"Dur\u00e9e de lecture estim\u00e9e":"2 minutes"},"schema":{"@context":"https:\/\/schema.org","@graph":[{"@type":"WebPage","@id":"https:\/\/littlemisstomatoes.fr\/index.php\/produit\/poncho-de-bain-enfant-3-a-6-ans-motif-jungle\/","url":"https:\/\/littlemisstomatoes.fr\/index.php\/produit\/poncho-de-bain-enfant-3-a-6-ans-motif-jungle\/","name":"Poncho de bain enfant 3 \u00e0 6 ans - motif jungle - Little Miss Tomatoes","isPartOf":{"@id":"https:\/\/littlemisstomatoes.fr\/#website"},"primaryImageOfPage":{"@id":"https:\/\/littlemisstomatoes.fr\/index.php\/produit\/poncho-de-bain-enfant-3-a-6-ans-motif-jungle\/#primaryimage"},"image":{"@id":"https:\/\/littlemisstomatoes.fr\/index.php\/produit\/poncho-de-bain-enfant-3-a-6-ans-motif-jungle\/#primaryimage"},"thumbnailUrl":"https:\/\/littlemisstomatoes.fr\/wp-content\/uploads\/2025\/07\/IMG_20250715_134454-scaled.webp","datePublished":"2025-07-15T15:37:27+00:00","dateModified":"2025-07-15T15:49:33+00:00","description":"Poncho de bain pour enfant de 3 \u00e0 6 ans. \u00c9ponge ultra absorbante, parfaite pour les sorties mer ou piscine.","breadcrumb":{"@id":"https:\/\/littlemisstomatoes.fr\/index.php\/produit\/poncho-de-bain-enfant-3-a-6-ans-motif-jungle\/#breadcrumb"},"inLanguage":"fr-FR","potentialAction":[{"@type":"ReadAction","target":["https:\/\/littlemisstomatoes.fr\/index.php\/produit\/poncho-de-bain-enfant-3-a-6-ans-motif-jungle\/"]}]},{"@type":"ImageObject","inLanguage":"fr-FR","@id":"https:\/\/littlemisstomatoes.fr\/index.php\/produit\/poncho-de-bain-enfant-3-a-6-ans-motif-jungle\/#primaryimage","url":"https:\/\/littlemisstomatoes.fr\/wp-content\/uploads\/2025\/07\/IMG_20250715_134454-scaled.webp","contentUrl":"https:\/\/littlemisstomatoes.fr\/wp-content\/uploads\/2025\/07\/IMG_20250715_134454-scaled.webp","width":1920,"height":2560,"caption":"poncho de bain enfant 3 \u00e0 6 ans motif jungle"},{"@type":"BreadcrumbList","@id":"https:\/\/littlemisstomatoes.fr\/index.php\/produit\/poncho-de-bain-enfant-3-a-6-ans-motif-jungle\/#breadcrumb","itemListElement":[{"@type":"ListItem","position":1,"name":"Accueil","item":"https:\/\/littlemisstomatoes.fr\/"},{"@type":"ListItem","position":2,"name":"Boutique","item":"https:\/\/littlemisstomatoes.fr\/"},{"@type":"ListItem","position":3,"name":"Poncho de bain enfant 3 \u00e0 6 ans &#8211; motif jungle"}]},{"@type":"WebSite","@id":"https:\/\/littlemisstomatoes.fr\/#website","url":"https:\/\/littlemisstomatoes.fr\/","name":"Little Miss Tomatoes","description":"Cadeaux naissance - atelier couture enfant et adulte - Grenoble - Savoir faire fran\u00e7ais","publisher":{"@id":"https:\/\/littlemisstomatoes.fr\/#organization"},"potentialAction":[{"@type":"SearchAction","target":{"@type":"EntryPoint","urlTemplate":"https:\/\/littlemisstomatoes.fr\/?s={search_term_string}"},"query-input":{"@type":"PropertyValueSpecification","valueRequired":true,"valueName":"search_term_string"}}],"inLanguage":"fr-FR"},{"@type":"Organization","@id":"https:\/\/littlemisstomatoes.fr\/#organization","name":"Little Miss Tomatoes","url":"https:\/\/littlemisstomatoes.fr\/","logo":{"@type":"ImageObject","inLanguage":"fr-FR","@id":"https:\/\/littlemisstomatoes.fr\/#\/schema\/logo\/image\/","url":"https:\/\/littlemisstomatoes.fr\/wp-content\/uploads\/2021\/09\/cropped-cropped-elephantblc.jpg","contentUrl":"https:\/\/littlemisstomatoes.fr\/wp-content\/uploads\/2021\/09\/cropped-cropped-elephantblc.jpg","width":512,"height":512,"caption":"Little Miss Tomatoes"},"image":{"@id":"https:\/\/littlemisstomatoes.fr\/#\/schema\/logo\/image\/"}}]}},"jetpack-related-posts":[],"jetpack_sharing_enabled":true,"_links":{"self":[{"href":"https:\/\/littlemisstomatoes.fr\/index.php\/wp-json\/wp\/v2\/product\/3868","targetHints":{"allow":["GET"]}}],"collection":[{"href":"https:\/\/littlemisstomatoes.fr\/index.php\/wp-json\/wp\/v2\/product"}],"about":[{"href":"https:\/\/littlemisstomatoes.fr\/index.php\/wp-json\/wp\/v2\/types\/product"}],"replies":[{"embeddable":true,"href":"https:\/\/littlemisstomatoes.fr\/index.php\/wp-json\/wp\/v2\/comments?post=3868"}],"wp:featuredmedia":[{"embeddable":true,"href":"https:\/\/littlemisstomatoes.fr\/index.php\/wp-json\/wp\/v2\/media\/3869"}],"wp:attachment":[{"href":"https:\/\/littlemisstomatoes.fr\/index.php\/wp-json\/wp\/v2\/media?parent=3868"}],"wp:term":[{"taxonomy":"product_brand","embeddable":true,"href":"https:\/\/littlemisstomatoes.fr\/index.php\/wp-json\/wp\/v2\/product_brand?post=3868"},{"taxonomy":"product_cat","embeddable":true,"href":"https:\/\/littlemisstomatoes.fr\/index.php\/wp-json\/wp\/v2\/product_cat?post=3868"},{"taxonomy":"product_tag","embeddable":true,"href":"https:\/\/littlemisstomatoes.fr\/index.php\/wp-json\/wp\/v2\/product_tag?post=3868"}],"curies":[{"name":"wp","href":"https:\/\/api.w.org\/{rel}","templated":true}]}}