{"id":365,"date":"2021-10-05T17:35:55","date_gmt":"2021-10-05T15:35:55","guid":{"rendered":"https:\/\/littlemisstomatoes.fr\/?post_type=product&#038;p=365"},"modified":"2024-03-19T10:46:04","modified_gmt":"2024-03-19T09:46:04","slug":"bavoir-zebres-bohemes","status":"publish","type":"product","link":"https:\/\/littlemisstomatoes.fr\/index.php\/produit\/bavoir-zebres-bohemes\/","title":{"rendered":"Bavoir Z\u00e8bres Boh\u00e8me"},"content":{"rendered":"<p>Bavoir confectionn\u00e9 avec un joli tissu imprim\u00e9.<\/p>\n<p>Deux sortes de bavoirs vous sont propos\u00e9es :<\/p>\n<ul>\n<li>Le bandana : en forme de joli foulard pour finir la tenue de b\u00e9b\u00e9. Id\u00e9al quand il fait ses dents afin d&rsquo;\u00e9viter les changements continus de body. Le bandana sera l\u00e0, et sa douceur sera parfaite pour le cou de b\u00e9b\u00e9. Fermeture \u00e0 pression.<\/li>\n<\/ul>\n<p>Dimension : 15*38cm environ<\/p>\n<p>Composition : 50% coton, 40% viscose de bambou, 10% polyester<\/p>\n<ul>\n<li>Le classique : ind\u00e9modable, il sera le premier compagnon de b\u00e9b\u00e9 pour ses premi\u00e8res pur\u00e9es ! Il trouvera aussi son bonheur aupr\u00e8s des amateurs de biberons. Compos\u00e9 d&rsquo;une \u00e9ponge en bambou ultra douce. Fermeture avec liens \u00e0 nouer.<\/li>\n<\/ul>\n<p>Dimension : 29*24cm<\/p>\n<p>Composition : 53% viscose de bambou, 34% coton, 13% polyester<\/p>\n<p>ATTENTION, le motif pourra changer de place sur le bavoir en fonction du tissu par rapport \u00e0 la photo. Le motif principal sera toujours respect\u00e9 et mis en valeur. N&rsquo;h\u00e9sitez \u00e0 m&rsquo;indiquer votre pr\u00e9f\u00e9rence lors de la validation de votre panier<em> (Exemple : pr\u00e9f\u00e9rence avec le motif z\u00e8bre, lionceau, l\u00e9opard ou l\u00e9murien&#8230;). <\/em>Sans pr\u00e9cision de votre part, l&rsquo;envoi sera al\u00e9atoire.<\/p>\n<p>Personnalisation possible du bavoir avec broderie du pr\u00e9nom. Le pr\u00e9nom fera environ 9cm de longueur et sera mis sur le tissu imprim\u00e9. Attention aux tissus qui ont beaucoup de motifs, la visibilit\u00e9 sera moins bonne que les tissus sur fond blanc aux motifs espac\u00e9s.<\/p>\n<p>Envoi en courrier suivi.<\/p>\n","protected":false},"excerpt":{"rendered":"<p>Bavoir ultra doux<\/p>\n","protected":false},"featured_media":359,"comment_status":"open","ping_status":"closed","template":"","meta":[],"product_brand":[],"product_cat":[73,74,76,253],"product_tag":[100,97,25,26,101,98,99,84],"class_list":{"0":"post-365","1":"product","2":"type-product","3":"status-publish","4":"has-post-thumbnail","6":"product_cat-a-table","7":"product_cat-bavoir","8":"product_cat-les-collection","9":"product_cat-savane","10":"product_tag-bambou","11":"product_tag-bavoir","12":"product_tag-bebe","13":"product_tag-cadeau-naissance","14":"product_tag-manger","15":"product_tag-puree","16":"product_tag-repas","17":"product_tag-zebre","19":"first","20":"instock","21":"shipping-taxable","22":"purchasable","23":"product-type-variable"},"yoast_head":"<!-- This site is optimized with the Yoast SEO plugin v27.3 - https:\/\/yoast.com\/product\/yoast-seo-wordpress\/ -->\n<title>Bavoir Z\u00e8bres Boh\u00e8me - Little Miss Tomatoes<\/title>\n<meta name=\"robots\" content=\"index, follow, max-snippet:-1, max-image-preview:large, max-video-preview:-1\" \/>\n<link rel=\"canonical\" href=\"https:\/\/littlemisstomatoes.fr\/index.php\/produit\/bavoir-zebres-bohemes\/\" \/>\n<meta property=\"og:locale\" content=\"fr_FR\" \/>\n<meta property=\"og:type\" content=\"article\" \/>\n<meta property=\"og:title\" content=\"Bavoir Z\u00e8bres Boh\u00e8me - Little Miss Tomatoes\" \/>\n<meta property=\"og:description\" content=\"Bavoir ultra doux\" \/>\n<meta property=\"og:url\" content=\"https:\/\/littlemisstomatoes.fr\/index.php\/produit\/bavoir-zebres-bohemes\/\" \/>\n<meta property=\"og:site_name\" content=\"Little Miss Tomatoes\" \/>\n<meta property=\"article:modified_time\" content=\"2024-03-19T09:46:04+00:00\" \/>\n<meta property=\"og:image\" content=\"https:\/\/littlemisstomatoes.fr\/wp-content\/uploads\/2021\/10\/1633446834936-scaled.jpg\" \/>\n\t<meta property=\"og:image:width\" content=\"2560\" \/>\n\t<meta property=\"og:image:height\" content=\"2560\" \/>\n\t<meta property=\"og:image:type\" content=\"image\/jpeg\" \/>\n<meta name=\"twitter:card\" content=\"summary_large_image\" \/>\n<meta name=\"twitter:label1\" content=\"Dur\u00e9e de lecture estim\u00e9e\" \/>\n\t<meta name=\"twitter:data1\" content=\"1 minute\" \/>\n<script type=\"application\/ld+json\" class=\"yoast-schema-graph\">{\"@context\":\"https:\\\/\\\/schema.org\",\"@graph\":[{\"@type\":\"WebPage\",\"@id\":\"https:\\\/\\\/littlemisstomatoes.fr\\\/index.php\\\/produit\\\/bavoir-zebres-bohemes\\\/\",\"url\":\"https:\\\/\\\/littlemisstomatoes.fr\\\/index.php\\\/produit\\\/bavoir-zebres-bohemes\\\/\",\"name\":\"Bavoir Z\u00e8bres Boh\u00e8me - Little Miss Tomatoes\",\"isPartOf\":{\"@id\":\"https:\\\/\\\/littlemisstomatoes.fr\\\/#website\"},\"primaryImageOfPage\":{\"@id\":\"https:\\\/\\\/littlemisstomatoes.fr\\\/index.php\\\/produit\\\/bavoir-zebres-bohemes\\\/#primaryimage\"},\"image\":{\"@id\":\"https:\\\/\\\/littlemisstomatoes.fr\\\/index.php\\\/produit\\\/bavoir-zebres-bohemes\\\/#primaryimage\"},\"thumbnailUrl\":\"https:\\\/\\\/littlemisstomatoes.fr\\\/wp-content\\\/uploads\\\/2021\\\/10\\\/1633446834936-scaled.jpg\",\"datePublished\":\"2021-10-05T15:35:55+00:00\",\"dateModified\":\"2024-03-19T09:46:04+00:00\",\"breadcrumb\":{\"@id\":\"https:\\\/\\\/littlemisstomatoes.fr\\\/index.php\\\/produit\\\/bavoir-zebres-bohemes\\\/#breadcrumb\"},\"inLanguage\":\"fr-FR\",\"potentialAction\":[{\"@type\":\"ReadAction\",\"target\":[\"https:\\\/\\\/littlemisstomatoes.fr\\\/index.php\\\/produit\\\/bavoir-zebres-bohemes\\\/\"]}]},{\"@type\":\"ImageObject\",\"inLanguage\":\"fr-FR\",\"@id\":\"https:\\\/\\\/littlemisstomatoes.fr\\\/index.php\\\/produit\\\/bavoir-zebres-bohemes\\\/#primaryimage\",\"url\":\"https:\\\/\\\/littlemisstomatoes.fr\\\/wp-content\\\/uploads\\\/2021\\\/10\\\/1633446834936-scaled.jpg\",\"contentUrl\":\"https:\\\/\\\/littlemisstomatoes.fr\\\/wp-content\\\/uploads\\\/2021\\\/10\\\/1633446834936-scaled.jpg\",\"width\":2560,\"height\":2560},{\"@type\":\"BreadcrumbList\",\"@id\":\"https:\\\/\\\/littlemisstomatoes.fr\\\/index.php\\\/produit\\\/bavoir-zebres-bohemes\\\/#breadcrumb\",\"itemListElement\":[{\"@type\":\"ListItem\",\"position\":1,\"name\":\"Accueil\",\"item\":\"https:\\\/\\\/littlemisstomatoes.fr\\\/\"},{\"@type\":\"ListItem\",\"position\":2,\"name\":\"Boutique\",\"item\":\"https:\\\/\\\/littlemisstomatoes.fr\\\/\"},{\"@type\":\"ListItem\",\"position\":3,\"name\":\"Bavoir Z\u00e8bres Boh\u00e8me\"}]},{\"@type\":\"WebSite\",\"@id\":\"https:\\\/\\\/littlemisstomatoes.fr\\\/#website\",\"url\":\"https:\\\/\\\/littlemisstomatoes.fr\\\/\",\"name\":\"Little Miss Tomatoes\",\"description\":\"Cadeaux naissance - atelier couture enfant et adulte - Grenoble - Savoir faire fran\u00e7ais\",\"publisher\":{\"@id\":\"https:\\\/\\\/littlemisstomatoes.fr\\\/#organization\"},\"potentialAction\":[{\"@type\":\"SearchAction\",\"target\":{\"@type\":\"EntryPoint\",\"urlTemplate\":\"https:\\\/\\\/littlemisstomatoes.fr\\\/?s={search_term_string}\"},\"query-input\":{\"@type\":\"PropertyValueSpecification\",\"valueRequired\":true,\"valueName\":\"search_term_string\"}}],\"inLanguage\":\"fr-FR\"},{\"@type\":\"Organization\",\"@id\":\"https:\\\/\\\/littlemisstomatoes.fr\\\/#organization\",\"name\":\"Little Miss Tomatoes\",\"url\":\"https:\\\/\\\/littlemisstomatoes.fr\\\/\",\"logo\":{\"@type\":\"ImageObject\",\"inLanguage\":\"fr-FR\",\"@id\":\"https:\\\/\\\/littlemisstomatoes.fr\\\/#\\\/schema\\\/logo\\\/image\\\/\",\"url\":\"https:\\\/\\\/littlemisstomatoes.fr\\\/wp-content\\\/uploads\\\/2021\\\/09\\\/cropped-cropped-elephantblc.jpg\",\"contentUrl\":\"https:\\\/\\\/littlemisstomatoes.fr\\\/wp-content\\\/uploads\\\/2021\\\/09\\\/cropped-cropped-elephantblc.jpg\",\"width\":512,\"height\":512,\"caption\":\"Little Miss Tomatoes\"},\"image\":{\"@id\":\"https:\\\/\\\/littlemisstomatoes.fr\\\/#\\\/schema\\\/logo\\\/image\\\/\"}}]}<\/script>\n<!-- \/ Yoast SEO plugin. -->","yoast_head_json":{"title":"Bavoir Z\u00e8bres Boh\u00e8me - Little Miss Tomatoes","robots":{"index":"index","follow":"follow","max-snippet":"max-snippet:-1","max-image-preview":"max-image-preview:large","max-video-preview":"max-video-preview:-1"},"canonical":"https:\/\/littlemisstomatoes.fr\/index.php\/produit\/bavoir-zebres-bohemes\/","og_locale":"fr_FR","og_type":"article","og_title":"Bavoir Z\u00e8bres Boh\u00e8me - Little Miss Tomatoes","og_description":"Bavoir ultra doux","og_url":"https:\/\/littlemisstomatoes.fr\/index.php\/produit\/bavoir-zebres-bohemes\/","og_site_name":"Little Miss Tomatoes","article_modified_time":"2024-03-19T09:46:04+00:00","og_image":[{"width":2560,"height":2560,"url":"https:\/\/littlemisstomatoes.fr\/wp-content\/uploads\/2021\/10\/1633446834936-scaled.jpg","type":"image\/jpeg"}],"twitter_card":"summary_large_image","twitter_misc":{"Dur\u00e9e de lecture estim\u00e9e":"1 minute"},"schema":{"@context":"https:\/\/schema.org","@graph":[{"@type":"WebPage","@id":"https:\/\/littlemisstomatoes.fr\/index.php\/produit\/bavoir-zebres-bohemes\/","url":"https:\/\/littlemisstomatoes.fr\/index.php\/produit\/bavoir-zebres-bohemes\/","name":"Bavoir Z\u00e8bres Boh\u00e8me - Little Miss Tomatoes","isPartOf":{"@id":"https:\/\/littlemisstomatoes.fr\/#website"},"primaryImageOfPage":{"@id":"https:\/\/littlemisstomatoes.fr\/index.php\/produit\/bavoir-zebres-bohemes\/#primaryimage"},"image":{"@id":"https:\/\/littlemisstomatoes.fr\/index.php\/produit\/bavoir-zebres-bohemes\/#primaryimage"},"thumbnailUrl":"https:\/\/littlemisstomatoes.fr\/wp-content\/uploads\/2021\/10\/1633446834936-scaled.jpg","datePublished":"2021-10-05T15:35:55+00:00","dateModified":"2024-03-19T09:46:04+00:00","breadcrumb":{"@id":"https:\/\/littlemisstomatoes.fr\/index.php\/produit\/bavoir-zebres-bohemes\/#breadcrumb"},"inLanguage":"fr-FR","potentialAction":[{"@type":"ReadAction","target":["https:\/\/littlemisstomatoes.fr\/index.php\/produit\/bavoir-zebres-bohemes\/"]}]},{"@type":"ImageObject","inLanguage":"fr-FR","@id":"https:\/\/littlemisstomatoes.fr\/index.php\/produit\/bavoir-zebres-bohemes\/#primaryimage","url":"https:\/\/littlemisstomatoes.fr\/wp-content\/uploads\/2021\/10\/1633446834936-scaled.jpg","contentUrl":"https:\/\/littlemisstomatoes.fr\/wp-content\/uploads\/2021\/10\/1633446834936-scaled.jpg","width":2560,"height":2560},{"@type":"BreadcrumbList","@id":"https:\/\/littlemisstomatoes.fr\/index.php\/produit\/bavoir-zebres-bohemes\/#breadcrumb","itemListElement":[{"@type":"ListItem","position":1,"name":"Accueil","item":"https:\/\/littlemisstomatoes.fr\/"},{"@type":"ListItem","position":2,"name":"Boutique","item":"https:\/\/littlemisstomatoes.fr\/"},{"@type":"ListItem","position":3,"name":"Bavoir Z\u00e8bres Boh\u00e8me"}]},{"@type":"WebSite","@id":"https:\/\/littlemisstomatoes.fr\/#website","url":"https:\/\/littlemisstomatoes.fr\/","name":"Little Miss Tomatoes","description":"Cadeaux naissance - atelier couture enfant et adulte - Grenoble - Savoir faire fran\u00e7ais","publisher":{"@id":"https:\/\/littlemisstomatoes.fr\/#organization"},"potentialAction":[{"@type":"SearchAction","target":{"@type":"EntryPoint","urlTemplate":"https:\/\/littlemisstomatoes.fr\/?s={search_term_string}"},"query-input":{"@type":"PropertyValueSpecification","valueRequired":true,"valueName":"search_term_string"}}],"inLanguage":"fr-FR"},{"@type":"Organization","@id":"https:\/\/littlemisstomatoes.fr\/#organization","name":"Little Miss Tomatoes","url":"https:\/\/littlemisstomatoes.fr\/","logo":{"@type":"ImageObject","inLanguage":"fr-FR","@id":"https:\/\/littlemisstomatoes.fr\/#\/schema\/logo\/image\/","url":"https:\/\/littlemisstomatoes.fr\/wp-content\/uploads\/2021\/09\/cropped-cropped-elephantblc.jpg","contentUrl":"https:\/\/littlemisstomatoes.fr\/wp-content\/uploads\/2021\/09\/cropped-cropped-elephantblc.jpg","width":512,"height":512,"caption":"Little Miss Tomatoes"},"image":{"@id":"https:\/\/littlemisstomatoes.fr\/#\/schema\/logo\/image\/"}}]}},"jetpack-related-posts":[],"jetpack_sharing_enabled":true,"_links":{"self":[{"href":"https:\/\/littlemisstomatoes.fr\/index.php\/wp-json\/wp\/v2\/product\/365","targetHints":{"allow":["GET"]}}],"collection":[{"href":"https:\/\/littlemisstomatoes.fr\/index.php\/wp-json\/wp\/v2\/product"}],"about":[{"href":"https:\/\/littlemisstomatoes.fr\/index.php\/wp-json\/wp\/v2\/types\/product"}],"replies":[{"embeddable":true,"href":"https:\/\/littlemisstomatoes.fr\/index.php\/wp-json\/wp\/v2\/comments?post=365"}],"wp:featuredmedia":[{"embeddable":true,"href":"https:\/\/littlemisstomatoes.fr\/index.php\/wp-json\/wp\/v2\/media\/359"}],"wp:attachment":[{"href":"https:\/\/littlemisstomatoes.fr\/index.php\/wp-json\/wp\/v2\/media?parent=365"}],"wp:term":[{"taxonomy":"product_brand","embeddable":true,"href":"https:\/\/littlemisstomatoes.fr\/index.php\/wp-json\/wp\/v2\/product_brand?post=365"},{"taxonomy":"product_cat","embeddable":true,"href":"https:\/\/littlemisstomatoes.fr\/index.php\/wp-json\/wp\/v2\/product_cat?post=365"},{"taxonomy":"product_tag","embeddable":true,"href":"https:\/\/littlemisstomatoes.fr\/index.php\/wp-json\/wp\/v2\/product_tag?post=365"}],"curies":[{"name":"wp","href":"https:\/\/api.w.org\/{rel}","templated":true}]}}